995. What are the prime factors of i?
2, 7591
Let w = -273 - -271. What are the prime factors of 4 - (0 - -460)/w?
2, 3, 13
Let c = -441 + 236. Let l = c - -698. List the prime factors of l.
17, 29
Suppose 0 = -3*m + 3*c + 275520, -8*m + 888158 - 153411 = -5*c. List the prime factors of m.
53, 1733
What are the prime factors of ((-135)/4)/(89/(-1424))?
2, 3, 5
Suppose -5*z - 71 = -941. Let m = 8 + z. List the prime factors of m.
2, 7, 13
Let k(v) = -2030*v - 1515. List the prime factors of k(-5).
5, 11, 157
Let x = 52975 + -27891. List the prime factors of x.
2, 6271
List the prime factors of (-67022)/(-4)*47/(376/16).
23, 31, 47
Let d(y) = -15*y + 2. Let c be d(2). Let k be 3248/(-42)*(4 + (-95)/20). Let m = c + k. What are the prime factors of m?
2, 3, 5
Suppose -c + 2*f = -1 - 5, -c = 4*f + 6. Let a(p) = -6*p**2 + 191*p**3 - 2 + 7 + c*p - 189*p**3. What are the prime factors of a(4)?
3, 5
Suppose -41 + 136 = -5*o. Let n(c) be the first derivative of c**3/3 + 7*c**2/2 - 2*c - 1396. List the prime factors of n(o).
2, 113
Suppose -4*g = 8, 246*c - 4*g + 106216 = 250*c. What are the prime factors of c?
2, 3, 2213
Let g(o) = 9*o - 4. Let z be g(9). Suppose -3*b - 537 = -4*n, -b - 94 = -4*n + z. Let j = b + 273. What are the prime factors of j?
2, 3, 5
Let z be 3/3*(-2)/(-2). Let j be (-289 + (-16)/4)/z. Let x = -122 - j. What are the prime factors of x?
3, 19
Let w = 25 + -37. Let g(k) = 4*k + 122. Let q be g(-8). What are the prime factors of w + 16 + q + -1?
3, 31
List the prime factors of -615*((-1134)/(-90) + -14).
3, 7, 41
Let o = 21363 + 20893. List the prime factors of o.
2, 19, 139
Suppose -359*o + 77506 = -337*o. List the prime factors of o.
13, 271
What are the prime factors of (0 - 266559/(-24)) + 5/((-720)/(-54))?
29, 383
Let o(p) = -49*p + 24. Let s be o(3). Let u = 150 - s. What are the prime factors of u?
3, 7, 13
Let w be (-360)/126*((-3218)/4 - -3). Suppose -5*m - 3*l = -w - 1180, -5*l = -m + 722. What are the prime factors of m?
17, 41
Suppose -3*r + 97 = q, 2*r - q - 14 - 49 = 0. Suppose -4*n = -12 + r. Let c(o) = o + 12. What are the prime factors of c(n)?
7
Suppose 0 = -5*o + 4*s + 2184, -4*o - 3*s = 2*s - 1780. Suppose h - 3*h = -u + o, -2*h + 456 = u. What are the prime factors of u?
2, 7
Let m = 141 - 108. List the prime factors of 5088/14 + m/(-77).
3, 11
Let y(g) = g**2 + 16*g + 80. Let k be y(-11). Suppose -1296 = -k*l + 17*l. List the prime factors of l.
2, 3
List the prime factors of 5/((-20)/(-4))*(28871 + (-42)/(-7)).
67, 431
Let q = -129 - -141. Suppose -q*k + 1716 = k. List the prime factors of k.
2, 3, 11
Let w(h) = 66*h**3 + 12*h**2 - 132*h - 13. List the prime factors of w(7).
31, 719
Let q(s) = 25*s - 50*s + 3 - 73*s. Let p(w) = -2*w - 9. Let y be p(-4). List the prime factors of q(y).
101
Suppose 5*i + 4*h = 345412, 2*h + 8 - 14 = 0. What are the prime factors of i?
2, 5, 11, 157
Suppose 2*y - 6*y = 16, -4*y + 134 = 3*m. Let z = m - 55. Let v(x) = 3*x**3 + 16*x**2 - 2*x - 7. What are the prime factors of v(z)?
2, 7
Suppose 395*a = 390*a + 3920. Let k = a - 456. List the prime factors of k.
2, 41
Let h(f) = -f - 114 - 111 - 108 + 357 + 3*f**2. List the prime factors of h(12).
2, 3, 37
Suppose -h - 4*c = 0, 9*h - 5*h + 44 = -5*c. What are the prime factors of (4*2/h)/(3/(-84))?
2, 7
Let d(y) = -157*y - 78. Let r be (-49)/14*4/7. List the prime factors of d(r).
2, 59
Suppose 234*o = 224*o + 452960. Suppose -16001 = 21*i - o. What are the prime factors of i?
3, 5, 31
Let g(a) = -2*a - 13*a**2 + a**3 - 3*a**3 + 4 - 9*a**2. Let r be g(-11). Suppose 15*w = 17*w - r. What are the prime factors of w?
13
Let d(s) = s**3 - 25*s**2 + 42*s + 19. Let q be d(23). List the prime factors of (0 + -1)*2 - q.
71
Let v(r) = -7*r**2 + 2*r + 2. Let l be v(-2). Let g = -26 - l. Suppose -g*p - 76 + 376 = 0. List the prime factors of p.
3, 5
Let k(l) be the first derivative of 28*l**3/3 + l**2/2 + 4*l - 61. Suppose -4*f + 2*f = 4*i + 16, -5*f - 10 = -5*i. List the prime factors of k(i).
2, 3, 19
What are the prime factors of 58 + -44 + (-1 - 8) + 36578?
36583
Let l be (-3)/(-6)*(8/(-2) + 8). Suppose 3*q - 2*f + 3*f - 4762 = 0, 5*q = -l*f + 7937. List the prime factors of q.
3, 23
Let v = -39 - -52. Suppose -2*f + 5*y = 17, 0*f - 2*f - v = -y. Let j(z) = z**3 + 10*z**2 + 8*z + 13. What are the prime factors of j(f)?
109
Let q(o) = -o**2 + 44*o - 28. Suppose 0 = -11*y + 18*y - 105. List the prime factors of q(y).
11, 37
Let k(u) = -u**2 - 1. Let z(l) = -l**2 - 4*l - 5. Let d(i) = 4*i + 4. Let p(c) = -6*d(c) - 5*z(c). Let s(f) = -4*k(f) + p(f). List the prime factors of s(3).
2, 37
Let y = 32 + -30. Suppose -2*h + 4*q + 14 = 0, 0 = y*q - 4 + 6. Suppose 0 = h*u + 265 - 990. What are the prime factors of u?
5, 29
Let w(o) = -2*o - 8. Let l be w(-6). Suppose -l*h = 2*h - 2226. What are the prime factors of h?
7, 53
Let v(h) = 35026*h**3 - 429*h**2 + 427*h + 1. List the prime factors of v(1).
3, 5, 467
Suppose 5*z + 2004 = p, z = p + p - 399. List the prime factors of (-4 - z) + 1 + -3.
5, 79
Let y be 201 - (8/(-10) - 18/(-10)). Suppose 5*n = -565 + y. Let p = n + 132. What are the prime factors of p?
59
Let l = 382 - 375. Suppose -l*k = -3047 - 1447. What are the prime factors of k?
2, 3, 107
Let w = -3791 + 6069. List the prime factors of w.
2, 17, 67
List the prime factors of (-600)/(-900) + (-340652)/(-6).
2, 47, 151
Let y = 152 + -150. Suppose -y*l = v - 862, -3*v = -3*l + 816 + 477. What are the prime factors of l?
431
Let c = 49 + -45. Suppose -2 + c = 2*l. List the prime factors of (36 - 42)*(136/(-6) - l).
2, 71
Suppose -5*u + v + 227630 = 83913, 0 = 4*u - v - 114975. What are the prime factors of u?
2, 7, 2053
Let l = 2813 + -2754. Let i(h) = 9*h**2 - 3*h. Let p be i(2). Let a = l - p. List the prime factors of a.
29
Let j be (-2)/((22 - 18)/(0 - 2902)). Let y = j - 52. What are the prime factors of y?
1399
Suppose -2*p + 50 = 3*p. Suppose 2*q = 38 - p. Suppose -13*m - 72 = -q*m. What are the prime factors of m?
2, 3
Let k(f) = -15*f**3 - 4*f**2 + 8*f + 12. Let a be k(-3). Suppose 8*b + i + a = 10*b, 0 = 3*i - 15. What are the prime factors of b?
181
Suppose 3*f - 1759 - 3869 = -q, 0 = q + f - 5638. Suppose 11*v + q = 14*v. List the prime factors of v.
3, 11, 19
Suppose 15 = -3*f - 0, 0 = g + 3*f + 32. Let p = 38 - g. List the prime factors of p.
5, 11
Let q = -50183 + 94241. List the prime factors of q.
2, 3, 7, 1049
Let d be (-2)/(-4*(-3)/(-6))*7. Suppose -c - 50 - d = 0. Let y = 246 + c. What are the prime factors of y?
3, 7
Let u = 27893 + -15503. What are the prime factors of u?
2, 3, 5, 7, 59
Suppose -c + 37612 = h, -h = -506*c + 509*c - 112846. What are the prime factors of c?
3, 12539
Suppose 2*h - 5*l = 11, 5*h = 3*l - 2*l + 16. Let k(x) = x**2 - 4*x + 1. Let q be k(-9). Suppose i - h*i + q = -3*r, 110 = 2*i + r. List the prime factors of i.
2, 7
Suppose -485 = 2*i + 3*g, 0*i - 4*i - 961 = -3*g. Let z = i + 424. What are the prime factors of z?
3, 61
Suppose -104 = -h + 4*p, 528 = 4*h + 4*p + 12. Suppose -5*u + u = -h. Suppose 46 = -29*x + u*x. What are the prime factors of x?
23
Let v = -4887 + 7063. Let q = v - 1285. List the prime factors of q.
3, 11
Suppose 2 = -p + 3*v - 5, -2*p + 5*v = 11. Let y = 63 + p. Suppose 31 + y = i. What are the prime factors of i?
2, 3
Let m(n) = 0*n + 20 - 2*n + 17. Let a be m(18). What are the prime factors of 25/a - (-1 + -2)?
2, 7
Suppose -20*m - 5483 = -13543. Let b = 29 + m. What are the prime factors of b?
2, 3
Let g(t) = 779*t**2 + 3*t + 3. Suppose 0 = -3*b - 6, -2*c + 2*b = 3*c + 1. List the prime factors of g(c).
19, 41
Let w(q) = -q**3 + q**2 + 24*q + 6. Let x(a) = a**3 - 24*a - 5. Let g(u) = -7*w(u) - 6*x(u). Let y be g(17). What are the prime factors of y/14 - 16/(-28)?
3, 59
Let s(x) = -2*x**3 - 12*x**2 - 5*x - 9. Let z be s(-6). Let j(h) = -h**3 + 21*h**2 + 27*h - 21. What are the prime factors of j(z)?
2, 3, 7, 13
Suppose 213*z + 1275460 = 7652467. What are the prime factors of z?
7, 13, 47
Suppose 0 = 3*f - 3*l - 43137, -7*l + 57532 = 4*f - 3*l. What are the prime factors of f?
73, 197
Let m(z) = -699*z - 160. List the prime factors of m(-8).
2, 7, 97
Let l = -11857 - -21859. What are the prime factors of l?
2, 3, 1667
Let c = -124 + 67. Let d = c - -47. List the prim